7
Let x = 9 + -12. Let f(j) = -91*j + 13. Let c be f(x). Suppose 38*y - 36*y - c = 0. Calculate the greatest common divisor of y and 11.
11
Suppose -5*n + 1601 = -769. Suppose 4*w - n = 274. Calculate the greatest common divisor of 22 and w.
11
Let q(y) = -8*y + 172. Let l be q(21). Suppose -5*a = -3*v + 729, v - 3*v + l*a = -486. Calculate the greatest common factor of 18 and v.
9
Let y = -3961 - -7753. What is the highest common divisor of 144 and y?
48
Suppose -3*k + 21 = 3*t, t + 4*k = 441 - 434. Let o(z) = 32*z + 1. Let c be o(1). Suppose t*i - 10*i = -c. Calculate the highest common factor of 99 and i.
11
Let t(s) = -s**3 - 26*s**2 + 54*s + 92. Let p be t(-28). Calculate the highest common divisor of 28 and p.
4
Let n(h) be the first derivative of h**4/4 + h**3/3 + 15*h**2 - 6*h + 17. Let g be n(-6). Let x = 630 + g. What is the greatest common factor of 33 and x?
33
Let a(x) = x**3 + 11*x**2 + 2*x - 7. Suppose 91 = -2*t - 11*t. Let n be a(t). What is the highest common divisor of n and 25?
25
Let m be (-1 + 20/(-16))/(69/(-920)). What is the highest common divisor of 741 and m?
3
Let j = 150 - 140. Suppose 0 = 5*p - 5*g - j, -5*g + 6 = 3*p - 0. Calculate the greatest common divisor of p and 64.
2
Suppose -10*m + 668 = -282. Suppose 118 = 8*x + 38. Calculate the greatest common factor of x and m.
5
Suppose -149 = -3*q + 58. Suppose -g - 3 - q = 0. Let m be (-28 + 1)/((-6)/g*-9). Calculate the highest common divisor of 18 and m.
18
Let g be 286*1*(-425 - -428). Calculate the highest common factor of 60 and g.
6
Suppose 5*j = -2*c + 76, j + 4*c = 16 + 10. Let i = -9 - -14. Suppose 5*z = -t + 26, -i*t + 103 = -z - z. Calculate the greatest common divisor of t and j.
7
Let b be (-7)/(-28)*((2 - -18) + 0). Suppose 2*u + b*r - 63 = 0, u + 2 = 5*r + 11. Let y = 362 - 218. Calculate the greatest common divisor of y and u.
24
Let v = -615 - -644. Let o = v - -261. What is the highest common divisor of 116 and o?
58
Suppose 3*n = -4*z + 2814, -941 = 3222*n - 3223*n - z. Calculate the greatest common factor of 551 and n.
19
Let l = 361 + -14. Suppose -125 = 5*x + 2*k - 558, -4*x = k - l. What is the greatest common factor of 116 and x?
29
Let c be 1116 - (-5 - -2 - 9*3/(-9)). What is the greatest common divisor of 868 and c?
124
Let u be (-6870)/(-33) - (-4)/(-22). Let t be (104/40)/(48/15 + -3). What is the highest common divisor of u and t?
13
Let i = -4444 - -4579. What is the greatest common divisor of i and 1395?
45
Let n = -2 - -2. Suppose -2*z - 6*z + 96 = n. Let s be (10/(-5))/((-2)/3). What is the highest common factor of z and s?
3
Suppose 13*b - 11*b = 10224. Let u be (6/33 - 0) + b/198. What is the highest common factor of 442 and u?
26
Let w be (-89 + -21)/(-11) + -7. What is the highest common factor of 879 and w?
3
Let f be -326 + 4 + 7 + -2. Let g = f + 393. What is the greatest common factor of g and 342?
38
Let b be (22821/6 - (-10 + 13))/(1/2). Calculate the highest common divisor of b and 11.
11
Let a(w) = -7*w + 175. Suppose 2*j = -4*d + 26, -3*j + 6*d + 45 = 10*d. Let y be a(j). What is the greatest common factor of y and 189?
21
Suppose o - 6*o = u - 2, 8 = 4*u. Suppose o = 4*n - 7 - 1. Suppose 19 + 13 = n*q. Calculate the greatest common factor of q and 16.
16
Let j be (0/3 - -1)*3. Let k(b) = -6 - 1 + 3*b - 5 + 5*b. Let d be k(j). Calculate the highest common divisor of 24 and d.
12
Suppose 0 = 236*r - 241*r + 320. What is the highest common divisor of 3008 and r?
64
Suppose 364*d + 362*d - 712*d - 1820 = 0. Calculate the greatest common divisor of 702 and d.
26
Let l(j) = 36*j + 18. Let s(y) = y + 22. Let n be s(-19). Let h be l(n). Let i be ((-48)/28)/((-4)/98). Calculate the greatest common divisor of h and i.
42
Let c(j) = 146*j**3 + 2*j**2 + 11*j - 9. Let m be c(2). Calculate the highest common divisor of 29 and m.
29
Let b(y) = 6*y**2 - 23*y + 28. Let i be b(-17). Suppose 8*n + 137 - i = 0. Calculate the greatest common factor of 28 and n.
28
Let t(a) = -a**3 - 18*a**2 - 5*a - 63. Let q be t(-18). What is the greatest common divisor of q and 2889?
27
Suppose -3 = -3*t, 3*s + 3*t + 1669 = -635. Let c = -429 - s. Calculate the highest common factor of 85 and c.
85
Suppose p = d + 2360, -470*d = -5*p - 467*d + 11812. Calculate the greatest common factor of 126 and p.
14
Let y(q) = -35*q + 145. Let f be y(4). Suppose -o = -5, -4*m + m = -f*o - 80. What is the greatest common divisor of 35 and m?
35
Suppose 0 = -78*r + 96*r - 1332. What is the highest common factor of r and 851?
37
Suppose -3*v - 707 = -5*w + 950, -4*v - 660 = -2*w. Let r = -302 + w. Let u(p) = 11*p**2 + 2*p. Let d be u(-2). Calculate the highest common factor of r and d.
10
Suppose -28*j = -25*j - 3147. Suppose 13*o + 1048 = 5*f + 16*o, 5*f - j = -4*o. Calculate the highest common divisor of 33 and f.
11
Suppose 4*w + 20 = 0, 15*g - 20*g = -w - 2585. Let h be 108/36 + (-1 - -1) + 40. What is the greatest common divisor of h and g?
43
Let x(q) be the second derivative of -q**5/20 + 7*q**4/12 - q**3/6 - 3*q**2/2 + 6*q + 7. Let j be x(6). What is the highest common factor of 351 and j?
27
Let n be 10116/(-24) - 1/2. Let t be n/(-12) - 2/(4 + 8). What is the highest common divisor of 7 and t?
7
Let d = 253 + -109. Suppose -u + 52*b - 51*b = -25, 0 = 5*u + 5*b - 35. Calculate the highest common divisor of u and d.
16
Let i(t) = 3*t**3 - 96*t**2 + 32*t - 144. Let q be i(32). What is the greatest common factor of q and 1040?
80
Let d = -5 - -22. Suppose d = 7*u - 18. Suppose -u - 35 = -2*g. Calculate the greatest common divisor of g and 4.
4
Let f be (-115)/2*24/12. Let u = -91 - f. What is the highest common divisor of 6 and u?
6
Suppose 133 = 5*p + 1083. Let o = -475 - -51. Let l = p - o. What is the greatest common divisor of l and 26?
26
Let x = -44 - -48. Let c be (4 - (-4 - -6))*1. Suppose c*z + x = 8. Calculate the greatest common divisor of 5 and z.
1
Let l be ((-7)/(-14))/(-17 + 25510/1500). Let w(q) = 9*q - 9. Let c be w(6). Calculate the greatest common divisor of l and c.
15
Let n(h) = 75*h - 1734. Let y be n(82). Calculate the highest common divisor of y and 690.
138
Let r = 21 - -111. Suppose r = -47*s + 53*s. Calculate the greatest common divisor of 352 and s.
22
Suppose -68*f - 2*s = -63*f - 851, f - 157 = 4*s. Suppose 2*q + 2*q = 52. What is the greatest common divisor of q and f?
13
Suppose 0 = -10*q + 16*q - 12. Suppose -2*v + 1104 = q*v. What is the highest common divisor of 12 and v?
12
Suppose 81*v - 2747 = 6811. Calculate the highest common factor of v and 4425.
59
Suppose -3357 = 14*n + 2341. Let x = n + 428. What is the greatest common factor of x and 3?
3
Suppose 0 = 6*a - 27 - 3. Suppose 4*m + a*b - 153 = 433, -b = -2. Calculate the highest common factor of 16 and m.
16
Let w(k) = 4*k + 118. Let m be w(-6). Let x = -85 + m. Suppose 0 = 3*y + 2*y - 135. What is the highest common factor of x and y?
9
Suppose -n + 2 = -1. Suppose 0*i - 2*i - 8 = -3*s, 0 = -2*s - i + n. Let h be 9/(-4)*(-24)/9. What is the highest common divisor of s and h?
2
Let b = 41 + -2. Let i = b - 31. Suppose 0*w + 355 = 4*u - 3*w, u = 5*w + 93. What is the greatest common factor of i and u?
8
Let w be (136 - 117) + (-4678)/(-2). What is the greatest common divisor of 2096 and w?
262
Suppose 0 = -4*q - 694 + 698, -j = -q - 106. Suppose 620 = 2*p + 3*p. Let g = p - j. What is the greatest common divisor of g and 153?
17
Let w = -5264 - -5741. Calculate the highest common divisor of 171 and w.
9
Let o = -58 - -58. Suppose -4*h + 0*h - 12 = o, -10 = p + 3*h. Let a be 108/(p/(-4)*(1 - -1)). Calculate the highest common factor of 24 and a.
24
Let y be ((-376)/6)/4*(-181 - 29). What is the greatest common divisor of y and 56?
14
Let i = 876 - 743. Suppose 14*m - 49 = i. Calculate the highest common divisor of m and 1391.
13
Let f be ((-4)/12 - -2*(-6)/18) + 276. Calculate the highest common factor of f and 880.
55
Let r(q) = 6*q**3 - 2*q**2 + 8*q + 8. Let n be r(3). Suppose 0 = 9*z + n - 1121. What is the greatest common divisor of 84 and z?
21
Let z(w) = 2534*w - 60807. Let j be z(24). Let k(i) = i**3 - 5*i**2 + 11*i - 4. Let q be k(7). Calculate the greatest common divisor of j and q.
9
Let k = 70081 - 70006. Suppose 0 = -c + 3*c - 200. What is the greatest common